l(v) = -5*m(v) + z(v). Let y be l(7). What is the greatest common divisor of y and 31?
31
Suppose -3 + 15 = 2*o. Let z = -205 + 307. What is the highest common divisor of z and o?
6
Suppose i + 3*i = 120. Suppose -4*w + 6 = -2*w + 4*x, 2*x = -2. Suppose -3*m - 2*q = -2*m - 18, 5*m = -w*q + 75. What is the highest common divisor of m and i?
6
Let i be (-96)/40*385/(-21). Calculate the highest common divisor of 1452 and i.
44
Suppose 6*p = -1641 + 5073. Calculate the highest common divisor of 132 and p.
44
Let m(x) = 3*x + 27. Suppose -p - 10 = 3*n, 0 = 3*n - 0*n - 3*p + 30. Let g be m(n). What is the highest common factor of g and 60?
12
Suppose 5*i - 1703 + 218 = 0. Suppose -9*v - 106 = -4*b - 7*v, -139 = -5*b - 4*v. Calculate the greatest common factor of b and i.
27
Let h(p) = -p**3 - 6. Let w be ((-4)/(-14))/(3/42). Let m(k) = k - 7. Let a be m(w). Let b be h(a). Calculate the highest common divisor of b and 14.
7
Let o be ((-1280)/112 - -11) + 234/7. Calculate the highest common divisor of 143 and o.
11
Let h be 32 - (6 + -4)*3. Calculate the greatest common divisor of 65 and h.
13
Suppose 2*f - 509 - 213 = 0. Calculate the highest common factor of f and 95.
19
Suppose 0 = -9*z + 11*z + 4*g - 2866, -3*z = -2*g - 4339. Calculate the greatest common factor of 117 and z.
39
Suppose 0 = -3*p - 29 + 149. Let l = -107 - -187. Calculate the greatest common divisor of l and p.
40
Suppose 3*u - 4*r + 0 - 9 = 0, -5*u + 2*r = -1. Let k be ((-3)/(-4))/((-271)/272 - u). Calculate the greatest common divisor of 12 and k.
12
Suppose h = d - 0*d - 16, -4*h + 80 = 4*d. Suppose 4*o + c = 175, -4*o - 4*c + 39 = -121. What is the highest common factor of o and d?
9
Let t(s) = 59*s**2 - 3*s**2 + s + 0 + 0. Let w be t(1). Suppose -h = 7 - w. What is the highest common factor of h and 20?
10
Let f = -3 + -16. Suppose -16 - 11 = w. Let r = f - w. Calculate the greatest common factor of r and 16.
8
Let v be -214 + (5 - 0/(-1)). Let i be v/(-3) - 6/9. What is the highest common factor of i and 46?
23
Let y = -502 + 526. Calculate the greatest common divisor of y and 540.
12
Suppose 3*w - 102 = 3*t, 0*w - 5*w - 4*t = -143. Let a = w - 15. Calculate the highest common factor of 80 and a.
16
Suppose 11*p - 1604 - 981 = 0. Calculate the highest common factor of p and 47.
47
Let g(t) = -t**3 - 32*t**2 - 23*t + 250. Let d be g(-31). What is the greatest common divisor of 262 and d?
2
Let o be ((-11)/4)/(9/12)*-6. Calculate the highest common divisor of o and 154.
22
Suppose 4*o - 57 = -25. What is the highest common factor of 296 and o?
8
Suppose 0 = -4*j + j + 252. Suppose 1044 - j = 6*n. Suppose -p + n = p. What is the highest common factor of 20 and p?
20
Let u(y) = -4*y + 78. Let j be u(10). Calculate the greatest common factor of j and 304.
38
Suppose -r + 83 - 22 = 0. Let l be 3*3/(-36) - r/(-4). What is the greatest common divisor of l and 165?
15
Let r be -174 + (-4)/(-4)*-3. Let y = -102 - r. Calculate the greatest common factor of y and 25.
25
Suppose -19*s + 300 = -365. What is the greatest common factor of s and 112?
7
Let h(g) = g**3 + 4*g**2 + 378. Let y be h(0). What is the greatest common divisor of y and 108?
54
Suppose -2*d = d - 285. Suppose -67 = -6*n + d. What is the highest common factor of n and 3?
3
Let j = 54 - 32. Let q(a) be the first derivative of -a**4/4 - 14*a**3/3 - 17*a**2/2 + 14*a - 8. Let c be q(-13). What is the highest common divisor of c and j?
22
Suppose 22 = -3*k + 10, -2*g - 3*k + 200 = 0. Suppose 21 = -5*u + g. Let f = 9 - -8. Calculate the greatest common divisor of f and u.
17
Let m = 642 - 586. Calculate the highest common divisor of 868 and m.
28
Let r(c) = -c**2 + 22*c - 42. Let g be r(15). Let d(y) = 2 + y + y**2 + 4*y - 5 - 4. Let h be d(-7). Calculate the greatest common divisor of g and h.
7
Suppose 3*a - 8*a = 0. Suppose y + 23 = 4*p, y + a*p + 25 = 5*p. Let i be (y/10)/(6/(-20)). What is the greatest common factor of 1 and i?
1
Let r be (-1*(0 - -1))/((-3)/39). Calculate the greatest common factor of 221 and r.
13
Suppose -15*n + 7 = -1973. What is the highest common factor of n and 48?
12
Let h be 3760/60 + (-4)/6. Let v = h - 57. Calculate the greatest common factor of v and 55.
5
Let s = 436 - 352. Calculate the greatest common divisor of s and 1092.
84
Let u(r) = -r**2 + 25*r + 46. Let j be u(26). Suppose 3*c + 540 = 12*c. Calculate the highest common divisor of c and j.
20
Suppose -3*y - 180 = -5*d - 4*y, 5*y = -25. Let x be (-17 + 4)*(-1 - 0). Let g be x*46/8 - (-108)/(-144). Calculate the greatest common divisor of g and d.
37
Suppose o = -0*o + 5, -4*l = -4*o + 8. Suppose -2*v - 49 = -5*p, -4 = p - l*v - 2*v. What is the highest common factor of 99 and p?
11
Let s(z) = z + 16. Let y be s(12). Let o = 29 + -4. Suppose 0 = -5*n + o, 4*t + 0*n = -n + 173. Calculate the greatest common factor of y and t.
14
Let y = 49 - 57. Let k(v) be the third derivative of v**5/60 - v**4/24 + 13*v**3/6 + 2*v**2. Let s be k(y). Calculate the highest common divisor of s and 17.
17
Let l = -32 - -11. Let y be (7/l)/(1/33). Let u = y - -32. What is the greatest common factor of u and 231?
21
Let z be 63/(-4)*(-4 + -12). Suppose 2*a + z = 5*a. Let f(h) = h**2 + 6*h + 12. Let k be f(-6). Calculate the greatest common factor of k and a.
12
Let r = -34 + 421. Let y be (-9)/(-18) + r/6. Calculate the greatest common divisor of 13 and y.
13
Suppose 2*j + 10*j - 36 = 0. Suppose 16 = -5*s + 161. Suppose 2*g = -j*h + 251 - s, 5*h - 369 = -3*g. What is the highest common divisor of 8 and h?
8
Let q be 5 - -1 - (-2 - -6). Suppose n - u = -2*n, 2*n = -q*u - 8. Let f = 18 + n. Calculate the greatest common factor of 136 and f.
17
Let q = 65 - 118. Let p be (q/3)/((-3)/27). Suppose 0*n + p = 2*d + 5*n, -4*n + 12 = 0. What is the greatest common factor of d and 18?
18
Suppose 7*q = 3*q + 160. Let f(v) = -21*v + 373. Let r be f(17). Calculate the greatest common factor of q and r.
8
Let b(k) = 78*k**2 + 57*k + 245. Let u be b(-4). What is the highest common factor of u and 55?
55
Suppose -3*j = -4*p - 460, 0*j - 128 = -j - 5*p. Let z = -6732 + 6769. What is the highest common divisor of z and j?
37
Suppose 4*s - 34 = -a, -5*a - 4*s - 26 = -132. Calculate the greatest common divisor of 207 and a.
9
Let m = 31 - 29. Suppose -m = 3*v - 4*v. Calculate the greatest common factor of v and 18.
2
Let y(q) = 3*q**2 - 48*q - 18. Let g be y(17). What is the highest common divisor of g and 231?
33
Let s = -87 - -127. Let x(t) = 4*t + 38. Let u be x(6). Suppose -u + 17 = -9*v. What is the greatest common divisor of s and v?
5
Let g = -8 + 15. What is the highest common divisor of 217 and g?
7
Suppose 4*v - 53 = -y, 3*v - 4*y - 40 = -2*v. Let n be 87/2 - (-6)/v. Let q = 13 - 2. What is the highest common divisor of q and n?
11
Let a(f) = -2*f**2 - 17*f - 2. Let v be (0 + -11 - -1) + (-15)/(-5). Let m be a(v). Let o be (57/(-2))/(6/(-8)). What is the greatest common factor of o and m?
19
Let z be 446/7 + 12/42. Suppose -4*u - 16 = -8*u. Suppose -21 = -2*a - 5*b, u*b - 16 = -2*a + 4. Calculate the highest common factor of z and a.
8
Let r be (8/192*30)/((-3)/(-132)). Calculate the highest common factor of 15 and r.
5
Suppose 3*x - 39*t = -34*t + 1605, -6 = -2*t. What is the highest common factor of 80 and x?
20
Let c = 249 + 121. What is the greatest common factor of c and 10?
10
Let b(v) = -2*v**2 + 13*v - 23. Let w be b(8). Let z(t) = -19*t - 1. Let j be z(-4). Let o = w + j. What is the highest common divisor of 42 and o?
14
Let t = -763 - -1223. Calculate the greatest common divisor of t and 20.
20
Suppose t + 4 = -2*d, -3*t - 6*d = -3*d. Suppose 0 = t*w - 4*g - 372, -w = -5*g + 2*g - 103. What is the highest common divisor of w and 11?
11
Let a be 3/21 + 744/84. Calculate the highest common divisor of a and 153.
9
Let m be -2 - 13/((-52)/24). Suppose m*h - 37 = 3*l, -2*l - 34 = -6*h + 2*h. Suppose 4*d - 14 = 3*d. Calculate the highest common factor of d and h.
7
Suppose v = -2, 0 = -5*x - v - v - 19. Let o = 4 - x. Let p = 10 + o. Calculate the highest common factor of 17 and p.
17
Let k(j) = -2*j**2 - 14*j - 8. Let u(p) = p**2 + 7*p + 4. Let g(x) = -4*k(x) - 9*u(x). Let d be g(-3). Calculate the greatest common divisor of d and 88.
8
Let n(x) = x**2 + 4*